the highest common factor of 192 and 12?
12
What is the highest common factor of 4 and 70?
2
Calculate the greatest common divisor of 253 and 11.
11
Calculate the greatest common divisor of 1350 and 48.
6
What is the greatest common divisor of 136 and 425?
17
What is the greatest common divisor of 39 and 286?
13
What is the greatest common factor of 304 and 64?
16
Calculate the highest common factor of 145 and 145.
145
What is the greatest common factor of 28609 and 134?
67
What is the highest common factor of 16 and 560?
16
What is the greatest common factor of 14 and 3899?
7
Calculate the highest common factor of 944 and 64.
16
Calculate the highest common divisor of 41315 and 5.
5
Calculate the greatest common divisor of 12 and 1068.
12
Calculate the greatest common factor of 132 and 220.
44
What is the highest common divisor of 36 and 180?
36
What is the highest common factor of 2613 and 39?
39
Calculate the highest common factor of 43799 and 7.
7
What is the greatest common divisor of 806 and 442?
26
Calculate the highest common divisor of 21093 and 267.
267
What is the highest common factor of 3626 and 98?
98
Calculate the greatest common divisor of 351 and 429.
39
Calculate the highest common divisor of 6 and 36066.
6
Calculate the highest common factor of 4202 and 374.
22
What is the greatest common divisor of 1675 and 25?
25
Calculate the highest common factor of 64 and 2864.
16
What is the greatest common divisor of 57981 and 231?
231
What is the highest common factor of 555 and 15?
15
What is the highest common divisor of 702 and 624?
78
What is the greatest common factor of 5 and 4?
1
Calculate the highest common factor of 2 and 19.
1
Calculate the greatest common factor of 27764 and 44.
44
Calculate the highest common divisor of 16667 and 7.
7
What is the highest common divisor of 10140 and 480?
60
What is the highest common factor of 18 and 30762?
18
Calculate the highest common factor of 9 and 2250.
9
Calculate the greatest common factor of 18 and 306.
18
Calculate the highest common factor of 131 and 393.
131
What is the greatest common factor of 63 and 1239?
21
Calculate the highest common divisor of 45 and 90.
45
Calculate the highest common divisor of 312 and 416.
104
What is the greatest common divisor of 99 and 429?
33
What is the greatest common divisor of 2244 and 357?
51
What is the greatest common divisor of 744 and 279?
93
Calculate the greatest common factor of 102 and 2193.
51
What is the greatest common divisor of 247 and 2641?
19
Calculate the highest common factor of 93 and 192.
3
Calculate the greatest common factor of 49 and 56.
7
Calculate the greatest common factor of 252 and 1596.
84
Calculate the greatest common factor of 8 and 12.
4
Calculate the greatest common divisor of 107 and 963.
107
What is the greatest common divisor of 125 and 5?
5
Calculate the highest common divisor of 1326 and 1027.
13
What is the greatest common divisor of 4 and 1780?
4
Calculate the greatest common factor of 11442 and 12.
6
What is the greatest common divisor of 513 and 12141?
171
What is the greatest common factor of 78 and 2054?
26
What is the highest common factor of 5580 and 36?
36
What is the greatest common factor of 26 and 286?
26
What is the greatest common divisor of 62 and 155?
31
Calculate the greatest common divisor of 1506 and 384.
6
What is the greatest common factor of 137 and 8768?
137
What is the greatest common factor of 6308 and 76?
76
What is the greatest common factor of 10347 and 3?
3
Calculate the greatest common factor of 54 and 459.
27
What is the greatest common divisor of 30 and 105?
15
Calculate the highest common factor of 182 and 3367.
91
What is the highest common factor of 17780 and 140?
140
Calculate the greatest common divisor of 120 and 48.
24
Calculate the highest common factor of 13673 and 113.
113
Calculate the greatest common divisor of 189 and 7917.
21
What is the highest common divisor of 56 and 546?
14
Calculate the greatest common divisor of 13 and 2743.
13
Calculate the greatest common factor of 779 and 41.
41
What is the highest common divisor of 2613 and 39?
39
Calculate the greatest common factor of 125 and 3925.
25
Calculate the greatest common divisor of 78 and 754.
26
What is the greatest common divisor of 22 and 286?
22
Calculate the greatest common divisor of 1417 and 4033.
109
What is the greatest common divisor of 585 and 78?
39
What is the highest common factor of 39 and 104?
13
What is the highest common divisor of 48 and 30?
6
What is the greatest common divisor of 209 and 253?
11
Calculate the greatest common factor of 385 and 110.
55
What is the greatest common factor of 12 and 33?
3
What is the highest common divisor of 29 and 17429?
29
What is the highest common factor of 3710 and 14?
14
What is the greatest common divisor of 483 and 21?
21
Calculate the highest common divisor of 17 and 3111.
17
What is the greatest common divisor of 36 and 972?
36
What is the greatest common divisor of 675 and 600?
75
Calculate the greatest common factor of 12 and 117.
3
Calculate the highest common factor of 4 and 302.
2
What is the highest common divisor of 69632 and 17?
17
What is the greatest common factor of 17930 and 10?
10
What is the highest common factor of 255 and 87?
3
Calculate the greatest common divisor of 218 and 21909.
109
Calculate the greatest common divisor of 2365 and 77.
11
What is the highest common factor of 18 and 126?
18
What is the greatest common factor of 2414 and 204?
34
What is the highest common divisor of 11124 and 81?
27
Calculate the greatest common divisor of 1026 and 76.
38
What is the greatest common divisor of 570 and 15770?
190
Calculate the highest common divisor of 96 and 72.
24
What is the greatest common factor of 3704 and 24?
8
Calculate the greatest common factor of 610 and 2074.
122
What is the highest common factor of 248 and 68?
4
Calculate the greatest common factor of 88 and 3512.
8
Calculate the greatest common factor of 335 and 10.
5
Calculate the highest common divisor of 33 and 3564.
33
Calculate the greatest common factor of 640 and 40.
40
What is the greatest common divisor of 178 and 10?
2
Calculate the highest common divisor of 2448 and 1440.
144
What is the highest common divisor of 407 and 1554?
37
Calculate the greatest common factor of 4 and 171.
1
Calculate the highest common divisor of 81 and 153.
9
What is the highest common divisor of 220 and 1990?
10
Calculate the greatest common divisor of 208 and 26.
26
What is the greatest common divisor of 18 and 4923?
9
Calculate the greatest common divisor of 88 and 136.
8
What is the highest common divisor of 4644 and 86?
86
Calculate the greatest common divisor of 4069 and 65.
13
What is the greatest common divisor of 243 and 9?
9
Calculate the greatest common factor of 1143 and 18.
9
What is the highest common factor of 1133 and 22?
11
Calculate the highest common divisor of 182 and 208.
26
Calculate the greatest common factor of 736 and 64.
32
Calculate the greatest common divisor of 130 and 130.
130
What is the highest common divisor of 95 and 133?
19
What is the greatest common factor of 7260 and 55?
55
What is the greatest common divisor of 1176 and 24?
24
What is the greatest common divisor of 200 and 188?
4
What is the greatest common divisor of 16 and 1088?
16
Calculate the highest common factor of 4 and 166.
2
What is the highest common divisor of 14 and 134?
2
Calculate the highest common divisor of 190 and 418.
38
Calculate the greatest common factor of 351 and 143.
13
What is the highest common divisor of 72 and 9864?
72
Calculate the highest common divisor of 41 and 533.
41
Calculate the greatest common divisor of 97 and 27451.
97
Calculate the greatest common factor of 6097 and 65.
13
What is the greatest common factor of 24 and 102?
6
Calculate the highest common divisor of 64 and 400.
16
Calculate the highest common divisor of 12 and 2.
2
What is the greatest common divisor of 49 and 58702?
49
Calculate the greatest common factor of 4 and 206.
2
Calculate the highest common divisor of 224 and 14.
14
Calculate the highest common divisor of 629 and 2.
1
Calculate the highest common factor of 2 and 2630.
2
What is the highest common factor of 3 and 33?
3
Ca